en 5646540 is divided by 1129307?
5
Calculate the remainder when 147552 is divided by 217.
209
Calculate the remainder when 76967000 is divided by 85614.
14
Calculate the remainder when 4687135 is divided by 1171773.
43
What is the remainder when 465762 is divided by 172?
158
What is the remainder when 32672 is divided by 16258?
156
Calculate the remainder when 8665044 is divided by 66.
36
What is the remainder when 247200350 is divided by 19?
14
What is the remainder when 991515 is divided by 23057?
64
What is the remainder when 105268 is divided by 21006?
238
What is the remainder when 3727578 is divided by 1242518?
24
Calculate the remainder when 7316538 is divided by 1463282.
128
Calculate the remainder when 151510 is divided by 29993.
1545
What is the remainder when 1173903 is divided by 328?
319
What is the remainder when 1585268 is divided by 396317?
0
Calculate the remainder when 4157591 is divided by 22719.
14
Calculate the remainder when 212635 is divided by 3170.
245
Calculate the remainder when 66377053 is divided by 1508569.
17
What is the remainder when 346135 is divided by 660?
295
What is the remainder when 1623469 is divided by 114?
109
Calculate the remainder when 759017 is divided by 3649.
25
What is the remainder when 18984542 is divided by 44?
38
What is the remainder when 4601597 is divided by 1586?
611
Calculate the remainder when 64718126 is divided by 91.
18
What is the remainder when 11476439 is divided by 87?
8
Calculate the remainder when 361627 is divided by 247.
19
Calculate the remainder when 2901210 is divided by 214.
12
Calculate the remainder when 323991 is divided by 161978.
35
Calculate the remainder when 395916 is divided by 598.
40
What is the remainder when 7502 is divided by 40?
22
What is the remainder when 15127541 is divided by 5042513?
2
What is the remainder when 743665 is divided by 740252?
3413
Calculate the remainder when 11179232 is divided by 88.
64
Calculate the remainder when 2142583 is divided by 45.
43
Calculate the remainder when 2337854 is divided by 3871.
3641
What is the remainder when 656741 is divided by 93623?
1380
Calculate the remainder when 352521 is divided by 58627.
759
What is the remainder when 1559766 is divided by 49?
47
Calculate the remainder when 802071 is divided by 861.
480
Calculate the remainder when 14673119 is divided by 407586.
23
What is the remainder when 193734 is divided by 48389?
178
What is the remainder when 590388 is divided by 7975?
238
Calculate the remainder when 236718957 is divided by 24.
21
What is the remainder when 64623 is divided by 1080?
903
Calculate the remainder when 11915547 is divided by 60.
27
Calculate the remainder when 700198 is divided by 2148.
2098
What is the remainder when 5145985 is divided by 1173?
34
What is the remainder when 14666167 is divided by 7333073?
21
Calculate the remainder when 215674 is divided by 70860.
3094
What is the remainder when 629301 is divided by 4732?
4677
What is the remainder when 336082 is divided by 628?
102
Calculate the remainder when 1174473 is divided by 106767.
36
What is the remainder when 337345 is divided by 18741?
7
What is the remainder when 9147825 is divided by 44?
5
Calculate the remainder when 6436078 is divided by 6436073.
5
What is the remainder when 53831781 is divided by 4542?
4539
Calculate the remainder when 328321 is divided by 960.
1
Calculate the remainder when 1827708 is divided by 681.
585
What is the remainder when 337620488 is divided by 10154?
10142
Calculate the remainder when 2691776 is divided by 886.
108
What is the remainder when 4210399 is divided by 25?
24
What is the remainder when 27349 is divided by 5191?
1394
Calculate the remainder when 7447819 is divided by 136.
51
Calculate the remainder when 153853 is divided by 119.
105
Calculate the remainder when 53160594 is divided by 9.
6
What is the remainder when 3277480 is divided by 1500?
1480
Calculate the remainder when 13502109 is divided by 290.
289
Calculate the remainder when 3800134 is divided by 4774.
30
What is the remainder when 908129 is divided by 4590?
3899
Calculate the remainder when 2407563 is divided by 2407551.
12
Calculate the remainder when 587806 is divided by 436.
78
What is the remainder when 310307 is divided by 7476?
3791
What is the remainder when 21360 is divided by 1389?
525
What is the remainder when 62617840 is divided by 854?
852
What is the remainder when 425178760 is divided by 1413?
1408
What is the remainder when 1403963 is divided by 1403935?
28
What is the remainder when 114683 is divided by 56725?
1233
What is the remainder when 168935 is divided by 577?
451
Calculate the remainder when 48468928 is divided by 1588.
1580
Calculate the remainder when 45533 is divided by 1810.
283
What is the remainder when 41078497 is divided by 79?
77
Calculate the remainder when 758584 is divided by 717.
715
What is the remainder when 1291338 is divided by 105?
48
Calculate the remainder when 48335325 is divided by 13.
12
What is the remainder when 56968637 is divided by 848?
845
Calculate the remainder when 718829 is divided by 3705.
59
Calculate the remainder when 33178 is divided by 7971.
1294
What is the remainder when 325474363 is divided by 58?
55
Calculate the remainder when 1582595 is divided by 5734.
11
What is the remainder when 21875446 is divided by 48397?
2
Calculate the remainder when 133442 is divided by 75.
17
Calculate the remainder when 227919 is divided by 192.
15
Calculate the remainder when 2672243 is divided by 5811.
4994
What is the remainder when 673789 is divided by 6875?
39
Calculate the remainder when 199550 is divided by 18132.
98
Calculate the remainder when 77250 is divided by 12559.
1896
What is the remainder when 219609 is divided by 219392?
217
What is the remainder when 6511130 is divided by 374?
164
What is the remainder when 225404 is divided by 1927?
1872
What is the remainder when 406076 is divided by 202287?
1502
What is the remainder when 96166 is divided by 31907?
445
What is the remainder when 99071 is divided by 5059?
2950
What is the remainder when 100468638 is divided by 87?
81
Calculate the remainder when 318193 is divided by 108.
25
Calculate the remainder when 93153047 is divided by 43.
40
Calculate the remainder when 939374 is divided by 6347.
18
Calculate the remainder when 4303885 is divided by 30308.
149
Calculate the remainder when 436413 is divided by 36357.
129
Calculate the remainder when 8089792 is divided by 8089787.
5
Calculate the remainder when 2019634 is divided by 394.
384
What is the remainder when 2481816 is divided by 2481795?
21
Calculate the remainder when 36644 is divided by 2630.
2454
What is the remainder when 60353 is divided by 67?
53
Calculate the remainder when 1814801 is divided by 3497.
3355
What is the remainder when 294222 is divided by 873?
21
Calculate the remainder when 923675 is divided by 113.
13
What is the remainder when 184226 is divided by 61366?
128
Calculate the remainder when 559553 is divided by 213.
2
What is the remainder when 247660 is divided by 3391?
117
What is the remainder when 12244625 is divided by 118?
1
What is the remainder when 2327347 is divided by 27062?
15
What is the remainder when 3376212 is divided by 1125391?
39
Calculate the remainder when 56628 is divided by 3231.
1701
What is the remainder when 635716 is divided by 546?
172
Calculate the remainder when 15783 is divided by 15517.
266
Calculate the remainder when 597009 is divided by 5.
4
What is the remainder when 498374 is divided by 59?
1
Calculate the remainder when 107503461 is divided by 232.
229
Calculate the remainder when 19869967 is divided by 4.
3
Calculate the remainder when 547754 is divided by 9958.
64
Calculate the remainder when 139962 is divided by 15523.
255
What is the remainder when 456728 is divided by 228364?
0
What is the remainder when 36201517 is divided by 43?
32
What is the remainder when 4080973 is divided by 582995?
8
What is the remainder when 5488500 is divided by 91475?
0
What is the remainder when 6638391 is divided by 2854?
2841
What is the remainder when 50418699 is divided by 1455?
39
Calculate the remainder when 154570 is divided by 25756.
34
Calculate the remainder when 875230 is divided by 125